ose k*w = 44*w + 10. What is the remainder when 7 is divided by w?
2
What is the remainder when 1466*(390/20 - 19) is divided by 11?
7
Suppose 159*h + 145 + 9 = 173*h. Calculate the remainder when 527 is divided by h.
10
Let p(l) = -l**3 - 4*l**2 - 5. Let n be p(-4). Let u be 16 - (10*-1)/n. Suppose u*s - 9*s = 20. Calculate the remainder when 5 is divided by s.
1
Suppose 2*r - 552 = -76. Let u be r/22 - 20/(-110). What is the remainder when 495/u - (1 + 1) is divided by 23?
20
Let s = 151 - 306. Let j = s + 159. Calculate the remainder when 9 is divided by j.
1
Let o = 19 - 14. Suppose -2*p - 2*r = p + o, -8 = -4*p + r. Calculate the remainder when 158 is divided by (176/(-110))/(p/(-25)).
38
Suppose -3*g + 360 = 4*y, -5*g - 13*y = 127 - 708. Calculate the remainder when 612 is divided by g.
116
Let n(x) = x**2 - 26*x - 712. Calculate the remainder when 109 is divided by n(-18).
29
Suppose 0 = -34*o + 3797 + 2867. Suppose -x - 5*q + 56 = 0, 3*x + 2 = -2*q + o. What is the remainder when x is divided by 17?
15
Suppose 43*v - 143*v = -36*v - 83584. Calculate the remainder when v is divided by 32.
26
What is the remainder when (-65840)/(-64)*192/120 is divided by 163?
16
Suppose 5*z + 2*v = v + 100, -2*z = -5*v - 67. Suppose -18*u + 4968 = 36*u. What is the remainder when u is divided by z?
8
Let d = 3146 + -3134. What is the remainder when 112 is divided by d?
4
Let q(p) = p**3 + 8*p**2 + 7*p + 5. Let t be q(-7). Calculate the remainder when (0 - -60) + t + -5 is divided by (4/30*18)/((-9)/(-60)).
12
Let p = 2 - -22. Let t = 2495 - 982. Let h = t - 1373. Calculate the remainder when h is divided by p.
20
Suppose 201 = 4*g - 3*v + 2*v, 5*g - 4*v = 254. Suppose 9*q + 1423 = 451. What is the remainder when g is divided by 42/4*144/q*-1?
8
Let w = 10 - 5. Suppose -2*l = -w - 37. Calculate the remainder when l is divided by (-4)/(-10) - (-2030)/175.
9
Let h(j) = -340*j + 4199. Calculate the remainder when 23559 is divided by h(12).
116
Let p = 1648 - 1645. Let m = 31 - 3. Let v = m - p. What is the remainder when v is divided by 9?
7
Suppose 0 = 4071*b - 3942*b - 1548. Suppose -4*a + 141 + 47 = -i, 0 = 5*a - 2*i - 238. Calculate the remainder when a is divided by b.
10
Let s(v) = 18*v**2 + 6*v + 28. Let l be s(6). Calculate the remainder when 2/((4/10)/(l/40)) is divided by 15.
14
Calculate the remainder when (-1874 - -8)/(-6) - (0 - 3) is divided by 160.
154
Let q = -4169 - -4702. What is the remainder when 1621 is divided by q?
22
Let q be (-5 - (3 + 0))*-5. Suppose -q = 27*l - 17*l. Calculate the remainder when 88 is divided by ((-20)/l - 1) + 20.
16
Let n(u) = -u**3 + 25*u**2 - 23*u + 5. Suppose -2*i = -2*p + 138, -20*i = -3*p - 22*i + 187. Calculate the remainder when p is divided by n(24).
7
Let j be -4 + 5 + (-1 - -2). Suppose j*a = 2*n - 3*n + 133, -5*a = 2*n - 266. Calculate the remainder when n is divided by 34.
31
Let c(j) = j**3 + 40*j**2 - 156*j + 941. What is the remainder when 187 is divided by c(-44)?
4
Let l = 21194 - 21091. Calculate the remainder when 1649 is divided by l.
1
Let a be (-96)/(-16) + 3/((-6)/4). Suppose 0*q - 2*t = 5*q - 32, -4*t + 28 = a*q. Suppose -r - 115 = -q*r. Calculate the remainder when r is divided by 6.
5
Let t be 6/12*(-3 + 195). Let v = t + -39. Suppose 0*x - i = -3*x + 94, -i - 4 = 0. What is the remainder when v is divided by x?
27
Let c(y) = y**2 - 4*y - 18. Let s be c(7). Let i(b) = 3 + b + s*b + 1 - 3*b. Calculate the remainder when 50 is divided by i(9).
11
Suppose 202*o - 200*o = 3*a - 423, 0 = -3*a + o + 423. Calculate the remainder when 980 is divided by a.
134
Suppose 431 = -11*s + 3951. Calculate the remainder when 108 is divided by (s/(-6))/5*36/(-16).
12
What is the remainder when 454 is divided by 36*2*73/219?
22
Let z = 343 + -347. What is the remainder when z - -6 - (-2 - (2 + 73)) is divided by 22?
13
Let q(k) = 31*k**2 + 7*k - 192. What is the remainder when q(16) is divided by 262?
258
Let j = -15178 - -15378. What is the remainder when 734 is divided by j?
134
Suppose 910 + 1894 - 19 = 5*h. Calculate the remainder when h is divided by 21.
11
Suppose l + 3*l = 20. What is the remainder when 1 is divided by (2/l)/((-6)/150*-10)?
0
Let m = -38 + 90. Let c(d) = 68*d - 134. What is the remainder when c(5) is divided by m?
50
Let c(g) = 6 + 78*g**2 - 24*g**2 + 8*g - 24*g**2 - 29*g**2. Calculate the remainder when 353 is divided by c(5).
69
Let d = 20 + -7. Let t(u) = -2*u - 10. Let z be t(0). Let k = 59 + z. What is the remainder when k is divided by d?
10
Let m be (203/28 + -7)*0. What is the remainder when 108 is divided by (144/(-6))/(-3) - m?
4
Suppose -937*v + 2112 = -873*v. Let d = -61 - -185. Calculate the remainder when d is divided by v.
25
Let y = -1797 - -1859. What is the remainder when 2415 is divided by y?
59
Suppose -2543234 = 177*q - 8212367. What is the remainder when q is divided by 364?
361
Suppose 3*o = h - 1127, -o = -5 + 3. Suppose -10*r - h = -3803. What is the remainder when r is divided by 15?
12
Suppose -4*f = -36 + 12. Suppose 3*h = t + 2*t - f, -4*t + 5 = -5*h. Suppose -t*l = 2 - 42. What is the remainder when l is divided by 3?
2
Let k = 504 + -365. Calculate the remainder when k is divided by (5 + -33)*(-1)/1.
27
Suppose s = 22 - 2. Suppose 0 = -k - s*k + 168. What is the remainder when 37 is divided by k?
5
What is the remainder when 6/9*(-1)/(10/(-96690)) is divided by 16?
14
Let g(y) = -y**2 + 81. Let n be g(0). Let k be n - (3 - (-2 + 1)). What is the remainder when (-1)/7 - (-1628)/k is divided by 12?
9
Suppose -124*c = -126*c - 3*q + 106, 2*c = 4*q + 78. What is the remainder when 134 is divided by c?
40
Let n(j) = -4*j**2 + 31*j - 43. Let c(t) = -2*t**2 + 15*t - 22. Let w(u) = -5*c(u) + 2*n(u). What is the remainder when w(7) is divided by 16?
15
Suppose s - 48 = -2*s. Suppose -6*t + 3*t = -5*t + 50. Calculate the remainder when t is divided by s.
9
Let y(a) = -3*a**3 - 2*a**2 + 4*a + 3. Let k be y(2). What is the remainder when 5/(-35) - 2733/k is divided by 71?
59
Suppose -389 = -u - 4*u + 301. Calculate the remainder when 821 is divided by u.
131
Let f = -363 + 374. Let l(j) = 11*j - 9. What is the remainder when l(3) is divided by f?
2
Let j be (5 - 3) + (-2)/(-1). Suppose -j*w + 38 + 6 = 0. What is the remainder when w is divided by -5 - (46/(-69))/(2/24)?
2
Let o(f) = f**3 - 22*f**2 - 23*f - 24. Let b be o(23). Let r = 35 + b. Calculate the remainder when 85 is divided by r.
8
Let o(w) = -2*w**3 + 52*w**2 - 4*w + 47. Let i be o(26). Calculate the remainder when (132/10)/(i/10 + 6) is divided by 15.
14
Let r(v) = v + 8. Let y be -2 + -1 + 0 + (-8)/4. Let q be r(y). Suppose -q*i - b = -0*b - 26, 5*i + 3*b = 38. What is the remainder when 58 is divided by i?
8
Let o = -60 - -102. Suppose 64*g = 4*m + 67*g - 75, -4*m + 5*g + 35 = 0. Calculate the remainder when o is divided by m.
12
Suppose 5*q + 4*k - 11 - 24 = 0, -5*q + k = -10. Suppose 4*r + 176 = q*r. Calculate the remainder when 39 is divided by 2/(-4)*r/(6 + 2).
6
Let w(j) = -j**3 + 5*j**2 - j - 15. Let d be w(4). What is the remainder when (24/(-40))/(d*(-1)/(-435)) is divided by 51?
36
Let g(m) = m**3 + 8*m**2 + m + 7. Let i be g(-7). Let k = 2002 + -1963. Let y = i - k. Calculate the remainder when 24 is divided by y.
4
Let v = 8445 - 8413. What is the remainder when 78 is divided by v?
14
Suppose 0 = 132*j - 187*j + 22000. What is the remainder when j is divided by 103?
91
Suppose -3*q - 5*u + 2617 = 183, q + 5*u - 828 = 0. What is the remainder when q is divided by 199?
7
Let g = -95 + 99. Suppose 5*j + 435 = g*m, -2*m = -m + 4*j - 135. Let d = 20 - -19. Calculate the remainder when m is divided by d.
37
Suppose -6*i + 204 = -3*i. Let k = i - 47. What is the remainder when 70 is divided by k?
7
Let j(i) = -362*i - 141. Let l be j(-3). Suppose 756 = 4*a + 2*f, 0*f = 5*a - 3*f - l. Calculate the remainder when a is divided by 40.
29
Let o(j) = -j + 70. Let s(k) = -2*k - 2. Let m(u) = o(u) + 5*s(u). Calculate the remainder when m(-7) is divided by 39.
20
Suppose -77*r - 4*y = -73*r - 4784, 0 = -r - 3*y + 1194. Calculate the remainder when r is divided by 25.
22
Let o(g) = -g**2 + 35*g - 99. Let p be o(30). Let x = -8 + 11. Suppose -p - x = -6*s. What is the remainder when 43 is divided by s